What is w(-54)?
-108
Let d(k) = -767*k + 4469. What is d(6)?
-133
Let p(y) = 7*y + 85. Calculate p(-12).
1
Let f(g) = g**3 - 16*g**2 - 41*g + 59. What is f(18)?
-31
Let z(v) = -490*v + 2833. Give z(7).
-597
Let v(s) = 77*s + 5944. Calculate v(-77).
15
Let c(f) = f**2 - 22*f + 55. Determine c(21).
34
Let t(c) = 38*c - 51. Give t(3).
63
Let k(b) = -b**3 + 77*b**2 - 153*b + 221. What is k(75)?
-4
Let s(x) = 2*x**2 + 10*x - 70. Calculate s(4).
2
Let v(f) = 29*f - 1545. Give v(60).
195
Let c(i) = -428*i**2 + 3009*i - 93. Give c(7).
-2
Let p(i) = 5*i**2 + 93*i + 602. Calculate p(-8).
178
Let r(l) = -22*l**2 - 411*l + 133. Give r(-19).
0
Let f(z) = 158*z - 766. What is f(4)?
-134
Let m(v) = -5*v**2 + 62*v + 1463. What is m(-12)?
-1
Let n(p) = p**3 + 7*p**2 - 59*p + 14. Give n(-12).
2
Let z(l) = 3*l**3 - 69*l**2 + 51*l - 872. Calculate z(23).
301
Let b(y) = 2*y**3 + 47*y**2 - 30*y - 146. Calculate b(-24).
-2
Let n(j) = 2*j**3 + 42*j**2 + 5*j + 98. What is n(-21)?
-7
Let o(x) = x**3 + 7*x**2 - 525*x - 15. Determine o(-27).
-420
Let d(r) = -36*r - 2417. Calculate d(-65).
-77
Let a(w) = 1141*w + 8004. Calculate a(-7).
17
Let m(t) = -t**3 - 32*t**2 + 148*t + 15. What is m(-36)?
-129
Let s(m) = -50*m + 759. What is s(15)?
9
Let o(t) = -23*t**2 + 82*t + 82. Determine o(-1).
-23
Let s(p) = 824*p + 3963. Determine s(-5).
-157
Let h(r) = -718*r + 490. Calculate h(1).
-228
Let x(z) = z**2 - 20*z + 58. Determine x(10).
-42
Let u(w) = -2*w**2 - 17*w + 119. Calculate u(10).
-251
Let y(w) = 11*w**2 + 652*w - 466. Give y(-60).
14
Let a(g) = -6*g + 128. What is a(-5)?
158
Let r(q) = -24*q - 135. Calculate r(-2).
-87
Let u(p) = -p**2 + 64*p - 181. Determine u(61).
2
Let g(w) = 2*w**2 + 19. What is g(-6)?
91
Let h(w) = w**3 + 33*w**2 - 3*w + 996. Determine h(-34).
-58
Let f(t) = 10*t - 12. What is f(1)?
-2
Let p(m) = -1372*m + 16466. Determine p(12).
2
Let j(y) = -1060*y + 3309. Give j(3).
129
Let n(d) = d**3 - 68*d**2 + 73*d + 77. Give n(67).
479
Let i(u) = 2*u**2 - 13*u - 645. Calculate i(-15).
0
Let d(w) = -15*w**2 + 297*w + 81. Calculate d(20).
21
Let g(m) = 5*m - 42. What is g(10)?
8
Let r(j) = j**2 - 116*j - 4919. What is r(149)?
-2
Let h(u) = -u**3 + 98*u**2 - 194*u + 70. Give h(96).
-122
Let a(d) = 2*d**3 + 81*d**2 + 31*d - 367. Give a(-40).
-7
Let j(p) = 33*p + 3391. Give j(-102).
25
Let h(m) = -m**2 + 42*m + 114. Calculate h(46).
-70
Let l(v) = -22*v**2 - 144*v + 62. Give l(-7).
-8
Let v(f) = -9*f**2 + 60*f - 31. Determine v(6).
5
Let k(s) = -150*s + 722. Give k(5).
-28
Let f(q) = -q**3 - 62*q**2 + 719*q - 73. Give f(-72).
-1
Let b(i) = 285*i - 2302. Give b(8).
-22
Let w(k) = -1070*k - 4296. What is w(-4)?
-16
Let s(f) = f**2 + 94*f - 98. Determine s(-91).
-371
Let i(o) = o**3 + 5*o**2 + 64. What is i(-6)?
28
Let g(s) = 48*s - 723. Give g(15).
-3
Let s(z) = -z**3 - 40*z**2 + 86*z + 94. Determine s(-42).
10
Let q(s) = 5*s**2 - 88*s - 615. Calculate q(-6).
93
Let y(i) = i**3 + 21*i**2 - 447*i - 176. Determine y(-34).
-6
Let o(a) = 5*a**2 + 102*a - 42. Calculate o(-21).
21
Let g(h) = -5*h**3 + 343*h**2 - 202*h + 1. Determine g(68).
137
Let d(r) = 17*r**2 + 455*r - 106. What is d(-27)?
2
Let n(y) = -308*y - 20318. Give n(-66).
10
Let h(o) = -o**3 + 28*o**2 + 20*o + 233. Calculate h(29).
-28
Let k(f) = 284*f + 3699. What is k(-13)?
7
Let p(v) = -v**2 - v - 19. Determine p(-6).
-49
Let v(s) = 3*s**3 + 4*s**2 - 2*s - 2. Calculate v(2).
34
Let b(o) = 3*o**3 - 11*o**2 + 4*o + 130. Calculate b(5).
250
Let l(d) = 2*d**2 + 238*d + 4779. Give l(-26).
-57
Let c(g) = 31*g - 412. Give c(14).
22
Let i(r) = r**2 - 58*r + 165. Calculate i(53).
-100
Let g(j) = j**2 + 58*j + 389. What is g(-7)?
32
Let m(c) = c**3 + 69*c**2 - 5*c - 363. Calculate m(-69).
-18
Let f(t) = 88*t + 847. What is f(2)?
1023
Let s(n) = 30*n + 509. Determine s(-18).
-31
Let a(j) = -120*j - 200. What is a(-3)?
160
Let m(f) = 42*f + 3073. Give m(-79).
-245
Let p(z) = -2*z**3 + 17*z**2 + 5*z - 40. Determine p(8).
64
Let u(q) = -18*q**2 + 270*q - 474. Give u(13).
-6
Let u(l) = l**3 - 6*l**2 - 6*l + 53. What is u(6)?
17
Let p(x) = x**3 - 599*x**2 - 3631*x - 16. Calculate p(-6).
-10
Let h(b) = -23*b - 788. Calculate h(-34).
-6
Let t(s) = 940*s + 29125. Determine t(-31).
-15
Let g(a) = a**3 - 15*a**2 - 2*a + 30. Give g(15).
0
Let l(c) = -c**2 + 47*c + 1798. What is l(72)?
-2
Let z(m) = -14*m**2 - 157*m + 48. Calculate z(-12).
-84
Let q(t) = 50*t + 1028. What is q(-21)?
-22
Let g(s) = -63*s**2 - 13*s - 9. Determine g(-2).
-235
Let h(n) = -2*n**2 + 35*n + 150. Determine h(20).
50
Let r(i) = -i**2 - 17*i - 41. Calculate r(-10).
29
Let l(z) = 6*z**2 - 107*z - 21. What is l(18)?
-3
Let d(x) = 12*x**2 - 139*x - 71. Calculate d(12).
-11
Let n(r) = -r**3 - 17*r**2 - 40*r + 4. Give n(-5).
-96
Let h(b) = 11*b**2 + 91*b + 28. Determine h(-15).
1138
Let x(a) = -13*a - 1117. Calculate x(-86).
1
Let r(l) = 5*l**3 + 83*l**2 + 161*l - 19. Determine r(-2).
-49
Let s(n) = -52*n**2 + 513*n - 1027. Determine s(2).
-209
Let s(b) = -152*b**2 - b + 4. Determine s(2).
-606
Let r(w) = w**3 + 3*w**2 + 22*w + 9. What is r(-4)?
-95
Let i(l) = l**3 + l**2 + 6*l + 30. Determine i(-5).
-100
Let i(b) = -b**2 + 14*b + 84. Calculate i(20).
-36
Let c(t) = 4*t**2 + 17*t + 13. Give c(-10).
243
Let w(t) = -15*t - 665. What is w(-52)?
115
Let d(b) = 2*b**2 + 13*b - 92. Determine d(-12).
40
Let g(n) = n**3 - 5*n**2 - 30*n + 115. What is g(7)?
3
Let w(u) = -u**3 + 8*u**2 - 31*u + 99. Calculate w(6).
-15
Let m(v) = 67*v - 447. Determine m(7).
22
Let k(o) = 1669*o - 16. Give k(0).
-16
Let d(p) = p**3 - 20*p**2 + 17*p - 360. Give d(20).
-20
Let i(u) = -u**3 - 15*u**2 - 86*u - 174. Determine i(-6).
18
Let g(t) = -21*t + 532. Give g(26).
-14
Let f(o) = -9*o - 16. Calculate f(-8).
56
Let p(c) = -110*c - 2208. What is p(-20)?
-8
Let a(m) = -3*m**3 + 10*m**2 + 11*m + 46. Calculate a(-3).
184
Let d(z) = -z**3 - 32*z**2 + 21*z + 680. Give d(-32).
8
Let c(u) = -u**3 - 47*u**2 + 6*u + 284. What is c(-47)?
2
Let m(o) = 2*o**2 - 4*o + 66. Calculate m(0).
66
Let c(n) = 5*n**2 - 305*n - 624. Calculate c(-2).
6
Let l(f) = -1134*f - 4636. Give l(-4).
-100
Let y(v) = 2592*v + 15530. Determine y(-6).
-22
Let b(t) = -t**3 - 20*t**2 - 34*t - 26. Determine b(-18).
-62
Let d(f) = -428*f + 15843. Give d(37).
7
Let x(p) = p**2 + 72*p + 123. Give x(-64).
-389
Let d(c) = -167*c + 18208. Calculate d(109).
5
Let f(g) = -g**2 + 102*g - 929. Calculate f(10).
-9
Let x(v) = -v**2 + 141*v - 691. What is x(5)?
-11
Let k(p) = 19435*p - 116599. What is k(6)?
11
Let a(l) = 4*l**2 - 13*l - 53. Determine a(-3).
22
Let s(o) = -2*o**2 - 368*o - 4113. Give s(-12).
15
Let o(k) = 3*k**2 + 46*k + 534. Calculate o(-10).
374
Let z(v) = -4*v**2 + 344*v + 1427. Give z(-4).
-13
Let x(k) = -4*k**2 - 104*k - 690. What is x(-8)?
-114
Let x(p) = -102*p - 1791. Determine x(-17).
-57
Let p(n) = 89*n + 488. Give p(1).
577
Let k(a) = 173*a - 2064. Calculate k(12).
12
Let u(v) = v**2 + 65*v + 1054. Calculate u(-36).
10
Let o(q) = -q**3 + 46*q**2 - 93*q + 217. Give o(44).
-3
Let j(f) = -f**2 - 98*f + 668. What is j(-104)?
44
Let q(n) = 1433*n**2 + 23*n - 21. What is q(1)?
1435
Let x(b) = -23*b**2 - 68*b + 12. What is x(-4)?
-84
Let z(x) = 105*x - 1464. Give z(14).
6
Let k(s) = -30*s - 57. What is k(0)?
-57
Let m(q) = -100*q + 497. Determine m(5).
-3
Let i(g) = 2*g**2 + 5*g - 243. Give i(0).
-243
Let r(p) = -p**3 - 13*p**2 + p - 33. Give r(-13).
-46
Let z(g) = -2*g**3 - 30*g**2 - 83*g - 774. What is z(-14)?
-4
Let d(l) = l**3 - 74*l**2 + 1146*l - 45. Give d(22).
-1
Let a(t) = -18*t**2 + 11*t + 1. Calculate a(2).
-49
Let u(z) = z**2 + 23*z - 1. Calculate u(-11).
-133
Let j(k) = 150*k**3 + 4*k + 5. What is j(-1)?
-149
Let w(c) = c**2 - 73*c - 837. What is w(-11)?
87
Let w(y) = -9*y + 967. What is w(5)?
922
Let a(b) = 576*b**2 - 574*b + 1. Calculate a(1).
3
Let h(t) = 115*t + 344. Give h(-3).
-1
Let p(y) = 6*y**2 - 207*y + 55. Give p(34).
-47
Let i(v) = -45*v - 495. What is i(-11)?
0
Let f(u) = -u**3 - 36*u**2 + 68*u - 290. Determine f(-38).
14
Let k(d) = d**2 + 49*d + 464. What is k(-37)?
20
Let m(f) = -2*f**2 - 161*f - 2504. Give m(-21).
-5
Let k(s) = 62*s**2 - 1746*s + 283. Give k(28).
3
Let u(a) = -a**3 + 3*a**2 + 16*a + 5. What is u(-3)?
11
Let j(s) = 4*s**3 + 24*s**2 + 25*s + 8. Give j(-4).
36
Let f(v) = -15